ert -33689 (base 10) to base 4.
-20032121
What is 10100111100100 (base 2) in base 16?
29e4
c2cf (base 16) to base 14
14263
Convert -1001011111101 (base 2) to base 12.
-2991
Convert -32 (base 14) to base 16.
-2c
-398 (base 11) to base 13
-2a2
2420 (base 12) to base 7
14553
What is 2263c (base 13) in base 9?
104754
-123 (base 12) to base 10
-171
Convert 424 (base 11) to base 5.
4020
Convert 143c (base 13) to base 9.
4008
What is -567 (base 15) in base 13?
-730
-12411 (base 6) to base 4
-131113
-6002 (base 7) to base 9
-2738
What is -306 (base 10) in base 11?
-259
22302 (base 4) to base 14
374
-13830 (base 13) to base 11
-25501
Convert -397 (base 12) to base 4.
-20203
Convert 55d (base 15) to base 16.
4bd
13c4 (base 14) to base 3
11210210
125 (base 15) to base 6
1112
-273 (base 9) to base 7
-444
Convert 4214 (base 6) to base 3.
1022001
Convert 304 (base 11) to base 14.
1c3
-1655 (base 12) to base 7
-10514
Convert 233122 (base 4) to base 6.
22014
What is -1010101000110 (base 2) in base 14?
-1db0
What is a4 (base 11) in base 13?
8a
-11ede (base 16) to base 7
-424051
What is -3154 (base 13) in base 10?
-6829
Convert -269 (base 11) to base 13.
-1b5
Convert 1255545 (base 6) to base 3.
10112222202
What is 6d9 (base 16) in base 2?
11011011001
a9b7 (base 16) to base 4
22212313
Convert 202121 (base 5) to base 7.
25025
Convert -469 (base 16) to base 5.
-14004
Convert 1000101010100 (base 2) to base 13.
2033
Convert 163 (base 15) to base 4.
10332
What is -2731a (base 12) in base 9?
-82084
What is -2b2 (base 16) in base 14?
-374
6520 (base 7) to base 3
10011211
Convert -5cd (base 14) to base 8.
-2211
154104 (base 6) to base 5
441120
-6042 (base 8) to base 2
-110000100010
What is -1022 (base 8) in base 2?
-1000010010
-111120 (base 3) to base 16
-16e
What is 844 (base 9) in base 13?
40c
What is 14375 (base 8) in base 16?
18fd
What is -1746 (base 11) in base 15?
-9d8
Convert -13400 (base 5) to base 11.
-910
Convert 32341 (base 6) to base 8.
10545
What is 441 (base 5) in base 12?
a1
What is 189 (base 16) in base 8?
611
Convert -940 (base 16) to base 6.
-14544
What is 3274 (base 9) in base 2?
100101110000
What is 118d (base 15) in base 13?
1912
What is 45152 (base 8) in base 13?
8895
What is -23422 (base 5) in base 3?
-2101100
What is 121020 (base 3) in base 14?
234
Convert 5583 (base 9) to base 10.
4125
-54465 (base 7) to base 15
-4080
Convert -1010101111 (base 2) to base 14.
-371
-22066 (base 7) to base 11
-4183
Convert -11102 (base 4) to base 11.
-288
What is 7a (base 11) in base 6?
223
Convert 1240 (base 15) to base 6.
25553
What is 80 (base 14) in base 12?
94
1ac (base 16) to base 6
1552
-cca (base 14) to base 5
-40110
60254 (base 7) to base 6
151155
What is -1c6 (base 16) in base 10?
-454
Convert -9062 (base 11) to base 12.
-6b7b
-110011101100111 (base 2) to base 14
-990b
Convert -101222 (base 3) to base 6.
-1212
Convert -268a (base 12) to base 6.
-32254
What is -7a3 (base 11) in base 15?
-440
-369 (base 14) to base 15
-306
Convert 2524 (base 6) to base 16.
274
Convert -ca08 (base 15) to base 13.
-16601
Convert -35b (base 12) to base 4.
-13313
Convert -64163 (base 9) to base 10.
-42420
What is 1303 (base 4) in base 6?
311
Convert -24064 (base 7) to base 10.
-6220
110001111111 (base 2) to base 4
301333
-286 (base 13) to base 15
-1ed
What is 100000111 (base 2) in base 12?
19b
Convert 44503 (base 7) to base 8.
25730
Convert 2022 (base 5) to base 15.
127
What is 110110001010 (base 2) in base 10?
3466
What is -1000210202 (base 3) in base 14?
-755c
What is 982 (base 12) in base 11?
1058
Convert -1100000111111110 (base 2) to base 15.
-eaac
What is -8498 (base 11) in base 15?
-34e4
Convert 103214 (base 5) to base 10.
3559
200010020 (base 3) to base 15
3da9
Convert a6 (base 11) to base 6.
312
150 (base 9) to base 11
105
90 (base 10) to base 3
10100
What is 702a (base 13) in base 7?
62641
Convert 839 (base 10) to base 14.
43d
Convert -4421 (base 5) to base 8.
-1143
What is 114123 (base 5) in base 4?
1003000
Convert -142 (base 16) to base 5.
-2242
110222001 (base 3) to base 7
36361
Convert -45 (base 11) to base 3.
-1211
Convert 37d (base 16) to base 9.
1202
Convert -10952 (base 12) to base 10.
-22094
Convert -2d84 (base 14) to base 10.
-8152
16044 (base 11) to base 2
101100010010011
What is -771 (base 14) in base 3?
-2000111
-12112101 (base 3) to base 2
-111111000001
What is -1381 (base 10) in base 5?
-21011
Convert 106858 (base 9) to base 16.
fa7c
Convert 9522 (base 10) to base 8.
22462
What is -23b (base 14) in base 16?
-1bd
What is 111001 (base 2) in base 8?
71
2025 (base 10) to base 8
3751
Convert -124 (base 14) to base 16.
-e4
What is 3a9a (base 12) in base 5?
203432
-122 (base 11) to base 10
-145
Convert -110 (base 4) to base 10.
-20
What is 105414 (base 6) in base 13?
4141
Convert 100111000 (base 2) to base 9.
376
What is 751 (base 10) in base 8?
1357
3053 (base 8) to base 16
62b
What is -4340 (base 5) in base 6?
-2431
Convert a5c2 (base 15) to base 10.
35057
What is -356 (base 9) in base 2?
-100100110
3326 (base 7) to base 8
2254
-154 (base 15) to base 5
-2204
What is 545 (base 6) in base 15?
de
-545 (base 7) to base 8
-426
1224 (base 8) to base 7
1632
Convert bd (base 16) to base 13.
117
2240420 (base 5) to base 16
9cae
What is -1311022 (base 4) in base 9?
-11251
Convert -18b (base 15) to base 12.
-258
What is -40d (base 14) in base 3?
-1002112
Convert -16487 (base 14) to base 6.
-1110131
Convert 112631 (base 9) to base 13.
249b8
-12821 (base 9) to base 12
-503a
2532 (base 8) to base 15
615
What is 301 (base 6) in base 10?
109
What is -14121 (base 6) in base 4?
-202201
-36a1 (base 14) to base 11
-71a1
What is -2385 (base 13) in base 14?
-1b7c
What is -112121 (base 3) in base 10?
-394
What is 1117 (base 15) in base 11?
27a3
Convert 230233 (base 5) to base 8.
20001
-32333323 (base 4) to base 14
-18563
419 (base 12) to base 13
36c
What is 1220112102 (base 3) in base 12?
198a8
Convert 4255 (base 6) to base 3.
1022222
Convert -10022121 (base 3) to base 8.
-4563
Convert 9325 (base 10) to base 5.
244300
What is 11001100101101 (base 2) in base 11?
9930
What is 8561 (base 10) in base 16?
2171
What is -14088 (base 9) in base 12?
-5645
Convert -103036 (base 8) to base 9.
-52078
What is -372 (base 9) in base 13?
-1a9
Convert -1000100110 (base 2) to base 9.
-671
4601 (base 8) to base 14
c5b
2110 (base 10) to base 11
1649
What is 5 (base 11) in base 4?
11
44124 (base 5) to base 14
1171
What is 2101300 (base 5) in base 2?
1000011100001111
What is 21040 (base 5) in base 3?
1220200
Convert -2671 (base 9) to base 12.
-11b4
101111000 (base 2) to base 11
312
Convert -200002 (base 3) to base 13.
-2b7
What is 32632 (base 10) in base 6?
411024
What is 4425 (base 9) in base 12?
1a7b
What is 215611 (base 7) in base 11?
26635
Convert -13202 (base 9) to base 6.
-105132
Convert -3849 (base 10) to base 7.
-14136
Convert -bec1 (base 15) to base 16.
-9e08
What is 320 (base 13) in base 5?
4113
1120121 (base 3) to base 2
10001111110
Convert 1e05 (base 16) to base 10.
7685
What is -2483 (base 13) in base 9?
-7082
Convert -632 (base 13) to base 10.
-1055
-3244 (base 5) to base 9
-548
-3e3f (base 16) to base 5
-1002220
What is 100101101000111 (base 2) in base 9?
28382
What is 20b (base 13) in base 4?
11131
Convert -194 (base 12) to base 11.
-213
What is 1040 (base 7) in base 3?
111202
375 (base 9) to base 11
263
-1199 (base 15) to base 16
-ea0
-1332003 (base 4) to base 13
-3897
Convert -653 (base 7) to base 10.
-332
Convert 1694 (base 12) to base 10.
2704
1233 (base 5) to base 2
11000001
Convert -b9 (base 12) to base 7.
-261
What is -120c1 (base 14) in base 9?
-66410
73c (base 13) to base 12
86a
What is -1112200 (base 3) in base 8?
-2145
-131011 (base 4) to base 14
-96d
What is 243 (base 15) in base 5?
4023
What is 121211 (base 3) in base 5?
3304
Convert 12021120 (base 3) to base 5.
110344
Convert 21457 (base 8) to base 14.
33d5
What is 4d (base 15) in base 6?
201
-d389 (base 14) to base 6
-440233
What is 18505 (base 11) in base 5?
1312044
What is -314 (base 11) in base 14?
-1d0
What is 11535 (base 7) in base 8?
5707
-11000001 (base 2) to base 8
-301
What is -577 (base 11) in base 14?
-373
129 (base 14) to base 4
3221
4b26 (base 14) to base 7
53246
Convert 21a (base 15) to base 9.
577
Conve